et a(i) = i**3 - 5*i**2 + 3*i + 5. Let y(o) = o**3 + 4*o**2 - 2*o - 4. Let m be y(-4). Let t be a(m). Let v = -1 + t. Determine c(v).
-8
Let v(k) = -20*k - 124. Let t(y) = -2*y - 11. Let w(o) = -68*t(o) + 6*v(o). Determine w(3).
52
Let a(i) = 3*i**2 - 7*i - 1. Let q(p) = -7*p**2 + 14*p + 2. Let s(r) = -9*a(r) - 4*q(r). Give s(-7).
1
Let n(r) = -7*r**3 - 6*r**2 - 14*r + 13. Let b(c) = -c**3 - 2*c + 1. Let s(v) = 6*b(v) - n(v). Give s(-5).
8
Suppose -p + 2*g - 4 = 0, 2*g = 4*p - 0*g - 2. Let j(r) be the first derivative of -1 + 0*r + 1/2*r**p. Give j(3).
3
Let j(l) be the first derivative of 7*l**2 + l + 134. What is j(-1)?
-13
Let t(b) = 2*b - 7. Let j(k) = -k. Suppose -c = -y + 4, -2*c = 3*c - 2*y + 11. Let i(w) = c*t(w) - 3*j(w). Give i(-6).
1
Let t(q) = -132*q + 2637. Let d be t(20). Let k(z) = 5*z**3 - 9*z**2 - 3*z - 7. Let o(w) = 4*w**3 - 8*w**2 - 3*w - 6. Let r(m) = -5*k(m) + 6*o(m). What is r(d)?
8
Let g(w) = w**3 - 8*w**2 + 8*w + 9. Let k(q) = q**3 + 38*q**2 + 2*q + 83. Let l be k(-38). What is g(l)?
16
Let t(v) = -v - 5. Suppose 20 = 3*n + 2*n + y, -5*n + 4*y = 5. Suppose 28 = -5*j + n. What is t(j)?
0
Let l(u) = -221*u + 443*u + 3 - 216*u - 3. Give l(3).
18
Let o(b) be the third derivative of b**5/30 - 3*b**4/8 + b**3 - 18*b**2. Let h be o(3). Let u(n) = n**2 + n - 2. Calculate u(h).
4
Let r be -3*125/990 + 24/44. Let j(p) be the third derivative of -r*p**3 + 0*p + 1/120*p**6 + 0*p**4 + 5*p**2 + 0 + 0*p**5. Calculate j(1).
0
Let u = 11 - 4. Let q(y) = 6*y**3 - u + 3*y**3 - 8*y**3. Give q(0).
-7
Let j(b) = -4*b - 3. Let f(p) = 17*p + 11. Let t be -2*(-5)/(-2)*-1. Suppose -t*l = 3*n + 26 + 26, -5*l - 43 = 2*n. Let h(m) = n*j(m) - 2*f(m). Give h(-5).
-5
Let h(q) = 3*q + 534*q**2 + 2*q - 533*q**2 - 6 + 0*q - q. What is h(-6)?
6
Let x(s) be the third derivative of -s**6/120 - s**5/12 + s**4/3 + s**3/2 + 90*s**2. Let t = 11 - 20. Let u = t + 3. What is x(u)?
-9
Let q(n) = 3*n**2 + 2*n + 3. Suppose -10 = -y + 5*l, 5*y + 25 = l - 21. Let a be 26/y + 9/15. Give q(a).
11
Let b(k) be the second derivative of -5*k**3/6 + 23*k**2/2 - 386*k. Determine b(4).
3
Let d(w) be the first derivative of -w**3/3 + w**2 - w - 2. Let n(u) = u + 20. Let l be n(-10). Suppose 2*p = -3*p + l. Give d(p).
-1
Suppose -5*u - 2*k = 14, 3*u = -6*k + k - 16. Let t be (9 - -3)/4 - 2. Let a(b) = 5 - 5*b - 6 + t - 3. Give a(u).
7
Suppose w = -2*h + 5, -7*h + 8 = w - 2*h. Let u(j) = j**2. What is u(w)?
9
Let t(g) = -g**2 + 20*g + 3. Let a be t(20). Let q(b) = -b + 10. Calculate q(a).
7
Let h be 0 + 1 + (-88)/4. Let i = -20 - h. Let c(w) = 3*w**3 + w. What is c(i)?
4
Suppose 0 = -3*n - 7*n + 80. Let k(i) = -2*i + 22. Let p be k(n). Let u(z) = z**3 - 6*z**2 + 3*z - 3. What is u(p)?
15
Let c(r) be the third derivative of -r**5/60 - r**4/24 - 122*r**2 + r. Give c(2).
-6
Suppose 747*s - 110 = 692*s. Let i = 0 - -2. Let q(o) = -o + 6*o**i - o - 3*o**2. Give q(s).
8
Let b(w) be the first derivative of w**4/4 - 11*w**3/3 + 9*w**2/2 + 12*w + 53. What is b(10)?
2
Let m(f) = f - 1. Let j(g) be the second derivative of 7*g**3/6 - 13*g**2/2 - 35*g. Let q(a) = -j(a) + 6*m(a). Determine q(8).
-1
Let b be 2*(-3)/(-6) + 0. Let c(d) be the third derivative of 0 - 1/24*d**4 - 1/60*d**5 + 1/6*d**3 + 5*d**2 + 0*d. Give c(b).
-1
Let t(u) be the third derivative of u**5/60 + u**4/12 - u**3/6 - 10*u**2. Suppose -1202*b - 15 = -1197*b. Give t(b).
2
Let b = 439 + -432. Let q(w) be the third derivative of -w**5/60 + 7*w**4/24 - 4*w**3/3 + 3*w**2. Give q(b).
-8
Let l(w) = w**3 + 5*w**2 + w + 10. Let c be l(-5). Let q(u) = u**3 - 3*u**2 - 9*u - 4. Give q(c).
1
Let j(m) be the first derivative of -m**4/4 + 2*m**3 + 6*m - 21. Determine j(5).
31
Let z(l) be the first derivative of -1/3*l**3 + 3/2*l**2 + 4 + 2*l. Give z(4).
-2
Let q(h) = h**3 + 12*h**2 - 13*h - 2. Let a be q(-13). Suppose 3*j = 2*m + 2, 3*j + 2 = 4*m - 0*j. Let i(x) = x - m + 3 - 5*x. Calculate i(a).
9
Let c(n) = -n**2 - 5*n + 13. Let z be c(-6). Let s(w) = w**3 - 8*w**2 + 6*w - 9. Determine s(z).
-16
Let v(d) be the first derivative of -d**4/4 + 10*d**3/3 - 4*d - 213. Calculate v(10).
-4
Suppose 0 = g - 5*g + 16. Let v(c) = -2*c + c**2 + 7*c + g + 2. Let u = 44 + -49. Give v(u).
6
Let p = 692 - 693. Let n(k) = -6*k**3 - k**2 - 3*k - 3. Calculate n(p).
5
Let z(s) = -s**3 - s**2 + 119*s + 342. Let b be z(-3). Let o(d) = -2*d + 4. Let p(a) = 3*a - 6. Let c(w) = 8*o(w) + 5*p(w). Calculate c(b).
-1
Suppose -4 = -2*b + 4*c + 14, 2*c = 3*b - 39. Let h(i) = b*i - 37*i + 12*i + 12*i. Give h(3).
6
Let k(p) = -9*p**2 + 0*p**2 - 13 + 14 + 7*p + 4*p**3 - 3*p**3. Suppose 2*x - 5 = 3*b + 46, 95 = 4*x + b. Let l be (-1)/(69/x + -3). Determine k(l).
-7
Let u be (-12)/(-20) + 2/5. Suppose -8*r + 39 = -1. Let w(h) = r*h + h - h + 0*h. What is w(u)?
5
Let n = 4 + -1. Suppose -8 = n*y - 7*y. Let r(x) = -5 + 4*x**2 + 0*x**2 + 7*x + x + x**y - x**3. Calculate r(6).
7
Let a(k) = k - 7. Let v be 48/(-36)*(-6)/2. Suppose 3*z = 4*b - 66, 3*z = 4*z + v*b + 6. Let m be z/(-15)*(5 - 0). Calculate a(m).
-1
Let u = -1649 - -1653. Let j(z) = -2*z + 6. Calculate j(u).
-2
Let l(v) be the second derivative of -v**7/840 - v**6/90 + v**5/24 - v**4/24 - 29*v**3/3 + 14*v - 1. Let i(n) be the second derivative of l(n). What is i(-4)?
-21
Let c(f) = -f**3 - 5*f**2 + 6*f + 1. Let j be 2 + -6 - -4 - 103. Let w = 97 + j. Give c(w).
1
Let n be 3 + -5 + -1 - -3. Let c(s) = -s**2 - 2. Calculate c(n).
-2
Let u(o) = -o**3 + 4*o**2 - 2*o - 3. Suppose -3*m + 17 - 2 = 0. Suppose f + 2 = -4*i - 3, 22 = 4*f - m*i. Determine u(f).
0
Let p(l) = -7*l + 5. Let n(b) = 6*b - 5. Let z(j) = 3*n(j) + 4*p(j). Give z(4).
-35
Let r(z) = z**2 + 4*z + 4. Let u be -68*(30/8 + -4). Suppose s = -2*p - 13, 5*s = p + p - u. Calculate r(p).
4
Let l(g) be the third derivative of g**4/24 + 3*g**3/2 - 78*g**2. Give l(-4).
5
Let u(l) = l**3 - 5*l**2 + 4*l. Let m be u(4). Let q(v) = 0*v**3 + 7 + 0 + v - v**3. What is q(m)?
7
Let l(d) = -5*d**3 - 2*d**2 - d + 5. Let z(c) = 18*c**3 + 6*c**2 + 2*c - 16. Let v(x) = -7*l(x) - 2*z(x). Let m = 5 - 2. What is v(m)?
-3
Let v = 0 - 6. Let t(s) be the first derivative of -6*s - 1/2*s**2 + 11. Calculate t(v).
0
Let m be (2 - 4)/(2/4). Let k(g) = -g**3 - 6*g**2 - 10*g - 3. Let a(j) = -2*j**3 - 12*j**2 - 19*j - 7. Let l(o) = m*a(o) + 7*k(o). Give l(-5).
2
Let o be 102 + -108 - 8/2. Let x(l) = -l**3 - 10*l**2 + 5*l + 50. Give x(o).
0
Let f = -140 - -110. Suppose 0 = -c - 4*c - 170. Let k = c - f. Let h(d) = -d + 2. Give h(k).
6
Let j be (4 - 7) + 6/(-5)*-5. Suppose 13*t - 68 = -4*f + 8*t, j*f - 48 = -3*t. Let c(y) = y**2 - 12*y - 4. Calculate c(f).
-4
Let n be (-18)/24 + (-5)/4 + 5. Let c(b) = 4*b + 2. Let o(v) = -5*v - 3. Let d(l) = n*o(l) + 4*c(l). What is d(-1)?
-2
Let s(n) = -n**2 - 16*n + 19. Let b be s(-17). Let i(z) = -60*z + 61*z + b + 2. Give i(0).
4
Let t(b) = b**2 + 19*b + 20. Let k be t(-18). Suppose 0 = 3*c + k - 5. Let f(j) = 6*j. Determine f(c).
6
Let h(x) = -2*x**3 + x**2 + 2*x + 1. Suppose z = 9 - 10. Let j be h(z). Let w(d) = 0*d**2 - d**2 - d + j*d**2 + 3 - 5*d. Determine w(4).
-5
Let w(t) = -4 + 5 - 18*t + 19*t. What is w(-6)?
-5
Let f(i) = 36*i**2 + 2*i - 1. Let u(g) = 37*g**2 + 2*g - 1. Let v(k) = -6*f(k) + 5*u(k). What is v(1)?
-32
Let n(o) = -o. Let x(d) = -11*d + 31. Let c(p) = -5*p + 15. Let b(j) = -13*c(j) + 6*x(j). Let z(s) = -b(s) + 2*n(s). Give z(8).
1
Let p(f) = 1 - 1266*f - f**2 - 1267*f + 2535*f. Calculate p(2).
1
Let s(u) = -u**2 - u + 9. Let b(a) be the second derivative of a**4/12 + a**3/6 - 5*a**2 + 41*a. Let k(x) = -5*b(x) - 6*s(x). Calculate k(4).
16
Let v(x) be the first derivative of x + x**2 - 3/4*x**4 + 2/3*x**3 - 10. Give v(-1).
4
Suppose 0 = 4*a - 4 - 4. Let y(r) = 4*r**2 + a - 6*r - 7 + 2 + r**3. Suppose -l = -14 + 19. What is y(l)?
2
Let b(v) = -6 - 4*v**2 + v**3 + 18 - v + 0 - 1. What is b(4)?
7
Let t(o) = -2*o**3 + 4*o**2 - o - 3. Let u be 16/((-2080)/(-13)) + 38/20. Calculate t(u).
-5
Let z(q) = -2*q**2 + 7*q - 7. Suppose -53 = -3*o - 38. Give z(o).
-22
Let q(y) = -3*y**3 + y**2 - 1. Let j be 6 - (-14)/(-21)*6. Determine q(j).
-21
Let w be 54/10 + (-2)/5. Let p(q) = -140918 + 281821 - q**3 + 4*q**2 - 140909 + 6*q. Give p(w).
-1
Suppose 8*t - 9*t + 63 = 0. Let z = t - 72. Let q(i) = 2*i + 10. Give q(z).
-8
Let v(n) = -4 - n**2 - 